{"id":12,"date":"2016-10-25T20:03:58","date_gmt":"2016-10-25T20:03:58","guid":{"rendered":"http:\/\/maxsauter.net\/photographie\/?page_id=12"},"modified":"2017-11-19T11:08:42","modified_gmt":"2017-11-19T10:08:42","slug":"culinaire-restauration","status":"publish","type":"page","link":"https:\/\/maxsauter.net\/photographie\/culinaire-restauration\/","title":{"rendered":"Culinaire"},"content":{"rendered":"<h2>Photographie culinaire &amp; restauration<\/h2>\n<p><img loading=\"lazy\" decoding=\"async\" class=\"alignnone wp-image-59 size-large\" src=\"https:\/\/maxsauter.net\/photographie\/wp-content\/uploads\/2016\/10\/verola-encornet-rizotto-1024x768.jpg\" alt=\"verola-encornet-rizotto\" width=\"900\" height=\"675\" srcset=\"https:\/\/maxsauter.net\/photographie\/wp-content\/uploads\/2016\/10\/verola-encornet-rizotto-1024x768.jpg 1024w, https:\/\/maxsauter.net\/photographie\/wp-content\/uploads\/2016\/10\/verola-encornet-rizotto-300x225.jpg 300w, https:\/\/maxsauter.net\/photographie\/wp-content\/uploads\/2016\/10\/verola-encornet-rizotto-768x576.jpg 768w, https:\/\/maxsauter.net\/photographie\/wp-content\/uploads\/2016\/10\/verola-encornet-rizotto.jpg 1980w\" sizes=\"auto, (max-width: 900px) 100vw, 900px\" \/><\/p>\n<p>J&rsquo;ai eu la chance de travailler pour QOOQ, la tablette qui vous apprend \u00e0 cuisiner comme un chef, et \u00e0 c\u00f4toyer de nombreux chefs. C&rsquo;est un univers de passionn\u00e9s, qui aiment ce qu&rsquo;ils font, et qui aiment transmettre. Un shooting en restaurant est toujours un moment particulier. L&rsquo;\u00e9change y est fort et constructif.<\/p>\n<p>Si vous \u00eates chef et que vous souhaitez des photos de vos plats, de votre \u00e9quipe ou de votre restaurant, pour votre site internet ou votre carte, n&rsquo;h\u00e9sitez pas \u00e0 faire appel \u00e0 mes services. J&rsquo;ai mis en place une technique simple et \u00e9conomique, qui vous permettra d&rsquo;avoir des photos de vos plats dress\u00e9s, de qualit\u00e9 \u00e0 un coup faible. Plusieurs formules sont possibles : pendant le service du midi ou lors de la mise en place. Les tarifs sont \u00e0 partir de 120 euros pour une dizaine d&rsquo;images. <a href=\"https:\/\/maxsauter.net\/photographie\/contact\/\">Contactez-moi via le formulaire de contact<\/a> pour recevoir un devis pr\u00e9cis correspondant \u00e0 vos besoins.<\/p>\n<p>Voici quelques exemple ci-dessous de photos de plats dress\u00e9s :<\/p>\n<p><img loading=\"lazy\" decoding=\"async\" class=\"alignnone wp-image-58 size-large\" src=\"https:\/\/maxsauter.net\/photographie\/wp-content\/uploads\/2016\/10\/tissot-grenadin-veau-1024x768.jpg\" alt=\"tissot-grenadin-veau\" width=\"900\" height=\"675\" srcset=\"https:\/\/maxsauter.net\/photographie\/wp-content\/uploads\/2016\/10\/tissot-grenadin-veau-1024x768.jpg 1024w, https:\/\/maxsauter.net\/photographie\/wp-content\/uploads\/2016\/10\/tissot-grenadin-veau-300x225.jpg 300w, https:\/\/maxsauter.net\/photographie\/wp-content\/uploads\/2016\/10\/tissot-grenadin-veau-768x576.jpg 768w, https:\/\/maxsauter.net\/photographie\/wp-content\/uploads\/2016\/10\/tissot-grenadin-veau.jpg 1980w\" sizes=\"auto, (max-width: 900px) 100vw, 900px\" \/><\/p>\n<p><img loading=\"lazy\" decoding=\"async\" class=\"alignnone wp-image-55 size-large\" src=\"https:\/\/maxsauter.net\/photographie\/wp-content\/uploads\/2016\/10\/jacquier-risotto-marina-1024x768.jpg\" alt=\"jacquier-risotto-marina\" width=\"900\" height=\"675\" srcset=\"https:\/\/maxsauter.net\/photographie\/wp-content\/uploads\/2016\/10\/jacquier-risotto-marina-1024x768.jpg 1024w, https:\/\/maxsauter.net\/photographie\/wp-content\/uploads\/2016\/10\/jacquier-risotto-marina-300x225.jpg 300w, https:\/\/maxsauter.net\/photographie\/wp-content\/uploads\/2016\/10\/jacquier-risotto-marina-768x576.jpg 768w, https:\/\/maxsauter.net\/photographie\/wp-content\/uploads\/2016\/10\/jacquier-risotto-marina.jpg 1980w\" sizes=\"auto, (max-width: 900px) 100vw, 900px\" \/><\/p>\n<p><img loading=\"lazy\" decoding=\"async\" class=\"alignnone wp-image-54 size-large\" src=\"https:\/\/maxsauter.net\/photographie\/wp-content\/uploads\/2016\/10\/ishida-joue-porc-confite-poulpe-1024x768.jpg\" alt=\"ishida-joue-porc-confite-poulpe\" width=\"900\" height=\"675\" srcset=\"https:\/\/maxsauter.net\/photographie\/wp-content\/uploads\/2016\/10\/ishida-joue-porc-confite-poulpe-1024x768.jpg 1024w, https:\/\/maxsauter.net\/photographie\/wp-content\/uploads\/2016\/10\/ishida-joue-porc-confite-poulpe-300x225.jpg 300w, https:\/\/maxsauter.net\/photographie\/wp-content\/uploads\/2016\/10\/ishida-joue-porc-confite-poulpe-768x576.jpg 768w, https:\/\/maxsauter.net\/photographie\/wp-content\/uploads\/2016\/10\/ishida-joue-porc-confite-poulpe.jpg 1980w\" sizes=\"auto, (max-width: 900px) 100vw, 900px\" \/><\/p>\n<p><img loading=\"lazy\" decoding=\"async\" class=\"alignnone wp-image-52 size-large\" src=\"https:\/\/maxsauter.net\/photographie\/wp-content\/uploads\/2016\/10\/gaignon-avocat-crevettes-1024x768.jpg\" alt=\"gaignon-avocat-crevettes\" width=\"900\" height=\"675\" srcset=\"https:\/\/maxsauter.net\/photographie\/wp-content\/uploads\/2016\/10\/gaignon-avocat-crevettes-1024x768.jpg 1024w, https:\/\/maxsauter.net\/photographie\/wp-content\/uploads\/2016\/10\/gaignon-avocat-crevettes-300x225.jpg 300w, https:\/\/maxsauter.net\/photographie\/wp-content\/uploads\/2016\/10\/gaignon-avocat-crevettes-768x576.jpg 768w, https:\/\/maxsauter.net\/photographie\/wp-content\/uploads\/2016\/10\/gaignon-avocat-crevettes.jpg 1980w\" sizes=\"auto, (max-width: 900px) 100vw, 900px\" \/><\/p>\n<p><img loading=\"lazy\" decoding=\"async\" class=\"alignnone wp-image-51 size-large\" src=\"https:\/\/maxsauter.net\/photographie\/wp-content\/uploads\/2016\/10\/delage-oeuf-florentine-1024x768.jpg\" alt=\"delage-oeuf-florentine\" width=\"900\" height=\"675\" srcset=\"https:\/\/maxsauter.net\/photographie\/wp-content\/uploads\/2016\/10\/delage-oeuf-florentine-1024x768.jpg 1024w, https:\/\/maxsauter.net\/photographie\/wp-content\/uploads\/2016\/10\/delage-oeuf-florentine-300x225.jpg 300w, https:\/\/maxsauter.net\/photographie\/wp-content\/uploads\/2016\/10\/delage-oeuf-florentine-768x576.jpg 768w, https:\/\/maxsauter.net\/photographie\/wp-content\/uploads\/2016\/10\/delage-oeuf-florentine.jpg 1980w\" sizes=\"auto, (max-width: 900px) 100vw, 900px\" \/><\/p>\n<p><img loading=\"lazy\" decoding=\"async\" class=\"alignnone wp-image-49 size-large\" src=\"https:\/\/maxsauter.net\/photographie\/wp-content\/uploads\/2016\/10\/berthod-oeuf-cocotte-1024x768.jpg\" alt=\"berthod-oeuf-cocotte\" width=\"900\" height=\"675\" srcset=\"https:\/\/maxsauter.net\/photographie\/wp-content\/uploads\/2016\/10\/berthod-oeuf-cocotte-1024x768.jpg 1024w, https:\/\/maxsauter.net\/photographie\/wp-content\/uploads\/2016\/10\/berthod-oeuf-cocotte-300x225.jpg 300w, https:\/\/maxsauter.net\/photographie\/wp-content\/uploads\/2016\/10\/berthod-oeuf-cocotte-768x576.jpg 768w, https:\/\/maxsauter.net\/photographie\/wp-content\/uploads\/2016\/10\/berthod-oeuf-cocotte.jpg 1980w\" sizes=\"auto, (max-width: 900px) 100vw, 900px\" \/><\/p>\n","protected":false},"excerpt":{"rendered":"<p>Photographie culinaire &amp; restauration J&rsquo;ai eu la chance de travailler pour QOOQ, la tablette qui vous apprend \u00e0 cuisiner comme un chef, et \u00e0 c\u00f4toyer de nombreux chefs. C&rsquo;est un univers de passionn\u00e9s, qui aiment ce qu&rsquo;ils font, et qui aiment transmettre. Un shooting en restaurant est toujours un moment particulier. L&rsquo;\u00e9change y est fort [&hellip;]<\/p>\n","protected":false},"author":1,"featured_media":59,"parent":0,"menu_order":80,"comment_status":"open","ping_status":"open","template":"","meta":{"_monsterinsights_skip_tracking":false,"_monsterinsights_sitenote_active":false,"_monsterinsights_sitenote_note":"","_monsterinsights_sitenote_category":0,"footnotes":""},"class_list":{"0":"post-12","1":"page","2":"type-page","3":"status-publish","4":"has-post-thumbnail","5":"hentry","6":"","7":"blog-blocks-layout","8":"blog-style-imgblock","10":"blog-alt-odd"},"aioseo_notices":[],"_links":{"self":[{"href":"https:\/\/maxsauter.net\/photographie\/wp-json\/wp\/v2\/pages\/12","targetHints":{"allow":["GET"]}}],"collection":[{"href":"https:\/\/maxsauter.net\/photographie\/wp-json\/wp\/v2\/pages"}],"about":[{"href":"https:\/\/maxsauter.net\/photographie\/wp-json\/wp\/v2\/types\/page"}],"author":[{"embeddable":true,"href":"https:\/\/maxsauter.net\/photographie\/wp-json\/wp\/v2\/users\/1"}],"replies":[{"embeddable":true,"href":"https:\/\/maxsauter.net\/photographie\/wp-json\/wp\/v2\/comments?post=12"}],"version-history":[{"count":13,"href":"https:\/\/maxsauter.net\/photographie\/wp-json\/wp\/v2\/pages\/12\/revisions"}],"predecessor-version":[{"id":376,"href":"https:\/\/maxsauter.net\/photographie\/wp-json\/wp\/v2\/pages\/12\/revisions\/376"}],"wp:featuredmedia":[{"embeddable":true,"href":"https:\/\/maxsauter.net\/photographie\/wp-json\/wp\/v2\/media\/59"}],"wp:attachment":[{"href":"https:\/\/maxsauter.net\/photographie\/wp-json\/wp\/v2\/media?parent=12"}],"curies":[{"name":"wp","href":"https:\/\/api.w.org\/{rel}","templated":true}]}}