{"id":363,"date":"2017-11-19T10:55:07","date_gmt":"2017-11-19T09:55:07","guid":{"rendered":"http:\/\/maxsauter.net\/photographie\/?page_id=363"},"modified":"2017-11-19T11:15:07","modified_gmt":"2017-11-19T10:15:07","slug":"travaux-personnels","status":"publish","type":"page","link":"https:\/\/maxsauter.net\/photographie\/travaux-personnels\/","title":{"rendered":"Travaux personnels"},"content":{"rendered":"<h2>Collaborations et s\u00e9ries diverses<\/h2>\n<p><img loading=\"lazy\" decoding=\"async\" class=\"alignnone size-large wp-image-378\" src=\"https:\/\/maxsauter.net\/photographie\/wp-content\/uploads\/2017\/11\/IMG_3379-1024x683.jpg\" alt=\"lever de soleil sur le mont d'or\" width=\"900\" height=\"600\" srcset=\"https:\/\/maxsauter.net\/photographie\/wp-content\/uploads\/2017\/11\/IMG_3379.jpg 1024w, https:\/\/maxsauter.net\/photographie\/wp-content\/uploads\/2017\/11\/IMG_3379-300x200.jpg 300w, https:\/\/maxsauter.net\/photographie\/wp-content\/uploads\/2017\/11\/IMG_3379-768x512.jpg 768w\" sizes=\"auto, (max-width: 900px) 100vw, 900px\" \/><\/p>\n<p>J&rsquo;aime la photographie avec passion, et je prends beaucoup de photos, tout le temps. J&rsquo;avais envie que ce site repr\u00e9sente toutes les facettes de mon travail, y compris les photos que je fais pour mon plaisir. Si vous avez lu la rubrique \u00ab\u00a0<a href=\"https:\/\/maxsauter.net\/photographie\/max-sauter\/\">\u00e0 propos<\/a>\u00ab\u00a0, vous savez que je me sens en tant que photographe, beaucoup plus artisan qu&rsquo;artiste. Ceci ne m&#8217;emp\u00eache pas pour autant d&rsquo;avoir des envies autour de projets personnels.<\/p>\n<p>Je publierai donc dans cette rubrique \u00ab\u00a0travaux personnels\u00a0\u00bb, les photos que je prends pour moi (photos de nature, de voyages, de villes etc.) et les photos issues de collaboration autour de th\u00e9matiques.<\/p>\n<p>Concernant les collaborations, j&rsquo;ai pas mal de projet dans mes carnets, donc n&rsquo;h\u00e9sitez pas si vous avez envie d&rsquo;y prendre part. Mes projets en cours n\u00e9cessitent surtout des mod\u00e8les, mais si vous \u00eates MUA, coiffeur, styliste ou autre et que vous avez vous m\u00eames des id\u00e9es ou des envies, et que cela sort un peu de l&rsquo;ordinaire, n&rsquo;h\u00e9sitez pas \u00e0 <a href=\"https:\/\/maxsauter.net\/photographie\/contact\/\">me contacter via ce formulaire<\/a>.<\/p>\n","protected":false},"excerpt":{"rendered":"<p>Collaborations et s\u00e9ries diverses J&rsquo;aime la photographie avec passion, et je prends beaucoup de photos, tout le temps. J&rsquo;avais envie que ce site repr\u00e9sente toutes les facettes de mon travail, y compris les photos que je fais pour mon plaisir. Si vous avez lu la rubrique \u00ab\u00a0\u00e0 propos\u00ab\u00a0, vous savez que je me sens en [&hellip;]<\/p>\n","protected":false},"author":1,"featured_media":366,"parent":0,"menu_order":90,"comment_status":"closed","ping_status":"closed","template":"","meta":{"_monsterinsights_skip_tracking":false,"_monsterinsights_sitenote_active":false,"_monsterinsights_sitenote_note":"","_monsterinsights_sitenote_category":0,"footnotes":""},"class_list":{"0":"post-363","1":"page","2":"type-page","3":"status-publish","4":"has-post-thumbnail","5":"hentry","6":"","7":"blog-blocks-layout","8":"blog-style-imgblock","10":"blog-alt-odd"},"aioseo_notices":[],"_links":{"self":[{"href":"https:\/\/maxsauter.net\/photographie\/wp-json\/wp\/v2\/pages\/363","targetHints":{"allow":["GET"]}}],"collection":[{"href":"https:\/\/maxsauter.net\/photographie\/wp-json\/wp\/v2\/pages"}],"about":[{"href":"https:\/\/maxsauter.net\/photographie\/wp-json\/wp\/v2\/types\/page"}],"author":[{"embeddable":true,"href":"https:\/\/maxsauter.net\/photographie\/wp-json\/wp\/v2\/users\/1"}],"replies":[{"embeddable":true,"href":"https:\/\/maxsauter.net\/photographie\/wp-json\/wp\/v2\/comments?post=363"}],"version-history":[{"count":4,"href":"https:\/\/maxsauter.net\/photographie\/wp-json\/wp\/v2\/pages\/363\/revisions"}],"predecessor-version":[{"id":379,"href":"https:\/\/maxsauter.net\/photographie\/wp-json\/wp\/v2\/pages\/363\/revisions\/379"}],"wp:featuredmedia":[{"embeddable":true,"href":"https:\/\/maxsauter.net\/photographie\/wp-json\/wp\/v2\/media\/366"}],"wp:attachment":[{"href":"https:\/\/maxsauter.net\/photographie\/wp-json\/wp\/v2\/media?parent=363"}],"curies":[{"name":"wp","href":"https:\/\/api.w.org\/{rel}","templated":true}]}}