{"id":369,"date":"2017-11-19T11:32:36","date_gmt":"2017-11-19T10:32:36","guid":{"rendered":"http:\/\/maxsauter.net\/photographie\/?page_id=369"},"modified":"2025-07-07T07:42:05","modified_gmt":"2025-07-07T06:42:05","slug":"serie-boudoir","status":"publish","type":"page","link":"https:\/\/maxsauter.net\/photographie\/travaux-personnels\/serie-boudoir\/","title":{"rendered":"S\u00e9rie boudoir"},"content":{"rendered":"<p>J&rsquo;ai en t\u00eate depuis longtemps un projet autour du <strong>boudoir<\/strong>, qui risque de s&rsquo;\u00e9taler un peu dans le temps, puisque je voudrais qu&rsquo;il soit le meilleur de plusieurs s\u00e9ances du type, de mani\u00e8re \u00e0 en faire un patchwork de diff\u00e9rentes personnalit\u00e9s.<\/p>\n<p><img loading=\"lazy\" decoding=\"async\" class=\"alignnone size-large wp-image-383\" src=\"https:\/\/maxsauter.net\/photographie\/wp-content\/uploads\/2017\/11\/IMG_3756-1024x683.jpg\" alt=\"Juliette me tend la main\" width=\"900\" height=\"600\" srcset=\"https:\/\/maxsauter.net\/photographie\/wp-content\/uploads\/2017\/11\/IMG_3756.jpg 1024w, https:\/\/maxsauter.net\/photographie\/wp-content\/uploads\/2017\/11\/IMG_3756-300x200.jpg 300w, https:\/\/maxsauter.net\/photographie\/wp-content\/uploads\/2017\/11\/IMG_3756-768x512.jpg 768w\" sizes=\"auto, (max-width: 900px) 100vw, 900px\" \/><\/p>\n<p>L&rsquo;id\u00e9e est assez simple, un shooting intimiste, noir et blanc, en lumi\u00e8re disponible chez plusieurs mod\u00e8les, qui ne doit pas refl\u00e9ter ma propre vision du boudoir, mais \u00eatre le rendu de ce que s&rsquo;imagine le mod\u00e8le \u00e0 partir des informations que je lui donne du projet.<\/p>\n<p>Ceci devrait donner une s\u00e9rie homog\u00e8ne dans le type de cadrage etc. puisque les photos seront prises par moi, mais \u00e9galement h\u00e9t\u00e9rog\u00e8ne car refl\u00e8teront les styles des mod\u00e8les qui y participeront. Bref un v\u00e9ritable travail de collaboration, dans lequel la simplicit\u00e9 sera le ma\u00eetre mot.<\/p>\n<p>Si ce projet vous int\u00e9resse et que vous souhaitez participer, <a href=\"https:\/\/maxsauter.net\/photographie\/contact\/\">prenons contact via ce formulaire<\/a>.<\/p>\n<p>&nbsp;<\/p>\n","protected":false},"excerpt":{"rendered":"<p>J&rsquo;ai en t\u00eate depuis longtemps un projet autour du boudoir, qui risque de s&rsquo;\u00e9taler un peu dans le temps, puisque je voudrais qu&rsquo;il soit le meilleur de plusieurs s\u00e9ances du type, de mani\u00e8re \u00e0 en faire un patchwork de diff\u00e9rentes personnalit\u00e9s. L&rsquo;id\u00e9e est assez simple, un shooting intimiste, noir et blanc, en lumi\u00e8re disponible chez [&hellip;]<\/p>\n","protected":false},"author":1,"featured_media":370,"parent":363,"menu_order":0,"comment_status":"closed","ping_status":"closed","template":"","meta":{"_monsterinsights_skip_tracking":false,"_monsterinsights_sitenote_active":false,"_monsterinsights_sitenote_note":"","_monsterinsights_sitenote_category":0,"footnotes":""},"class_list":{"0":"post-369","1":"page","2":"type-page","3":"status-publish","4":"has-post-thumbnail","5":"hentry","6":"","7":"blog-blocks-layout","8":"blog-style-imgblock","10":"blog-alt-odd"},"aioseo_notices":[],"_links":{"self":[{"href":"https:\/\/maxsauter.net\/photographie\/wp-json\/wp\/v2\/pages\/369","targetHints":{"allow":["GET"]}}],"collection":[{"href":"https:\/\/maxsauter.net\/photographie\/wp-json\/wp\/v2\/pages"}],"about":[{"href":"https:\/\/maxsauter.net\/photographie\/wp-json\/wp\/v2\/types\/page"}],"author":[{"embeddable":true,"href":"https:\/\/maxsauter.net\/photographie\/wp-json\/wp\/v2\/users\/1"}],"replies":[{"embeddable":true,"href":"https:\/\/maxsauter.net\/photographie\/wp-json\/wp\/v2\/comments?post=369"}],"version-history":[{"count":3,"href":"https:\/\/maxsauter.net\/photographie\/wp-json\/wp\/v2\/pages\/369\/revisions"}],"predecessor-version":[{"id":409,"href":"https:\/\/maxsauter.net\/photographie\/wp-json\/wp\/v2\/pages\/369\/revisions\/409"}],"up":[{"embeddable":true,"href":"https:\/\/maxsauter.net\/photographie\/wp-json\/wp\/v2\/pages\/363"}],"wp:featuredmedia":[{"embeddable":true,"href":"https:\/\/maxsauter.net\/photographie\/wp-json\/wp\/v2\/media\/370"}],"wp:attachment":[{"href":"https:\/\/maxsauter.net\/photographie\/wp-json\/wp\/v2\/media?parent=369"}],"curies":[{"name":"wp","href":"https:\/\/api.w.org\/{rel}","templated":true}]}}